4316011396?
0
What is the thousands digit of 2286970685?
0
What is the hundreds digit of 325935084?
0
What is the ten millions digit of 653462346?
5
What is the tens digit of 37634935?
3
What is the ten thousands digit of 105793507?
9
What is the hundreds digit of 15483089?
0
What is the units digit of 1845290123?
3
What is the ten millions digit of 41691024?
4
What is the hundred thousands digit of 37475922?
4
What is the hundreds digit of 840766832?
8
What is the tens digit of 115798327?
2
What is the hundred thousands digit of 54547980?
5
What is the ten millions digit of 443547498?
4
What is the units digit of 144944988?
8
What is the thousands digit of 5724871272?
1
What is the hundreds digit of 7083124859?
8
What is the hundreds digit of 363732732?
7
What is the hundred millions digit of 2627163701?
6
What is the thousands digit of 1032918307?
8
What is the millions digit of 131537062?
1
What is the ten millions digit of 895200130?
9
What is the ten thousands digit of 331515407?
1
What is the units digit of 1400129929?
9
What is the hundred thousands digit of 79098720?
0
What is the millions digit of 139507825?
9
What is the ten millions digit of 35057323?
3
What is the hundreds digit of 54105601?
6
What is the ten thousands digit of 114696550?
9
What is the ten thousands digit of 47213911?
1
What is the units digit of 51224453?
3
What is the hundred thousands digit of 817037194?
0
What is the hundred thousands digit of 314855522?
8
What is the units digit of 46866917?
7
What is the hundred millions digit of 937743517?
9
What is the hundred millions digit of 1979480803?
9
What is the ten thousands digit of 158852222?
5
What is the billions digit of 1982562249?
1
What is the tens digit of 763844164?
6
What is the millions digit of 99484843?
9
What is the hundreds digit of 2710371?
3
What is the units digit of 34184658?
8
What is the units digit of 108948215?
5
What is the units digit of 139853509?
9
What is the hundred thousands digit of 1560959226?
9
What is the thousands digit of 60341033?
1
What is the ten millions digit of 5783930750?
8
What is the tens digit of 2842588232?
3
What is the millions digit of 387959419?
7
What is the ten thousands digit of 1049878431?
7
What is the hundred millions digit of 254894336?
2
What is the hundred millions digit of 1919302903?
9
What is the millions digit of 17477353?
7
What is the units digit of 6715462503?
3
What is the hundred thousands digit of 993750368?
7
What is the ten thousands digit of 83661500?
6
What is the ten millions digit of 100719772?
0
What is the hundred millions digit of 2158310357?
1
What is the tens digit of 1781680444?
4
What is the hundred thousands digit of 2613273438?
2
What is the ten thousands digit of 870035961?
3
What is the hundred thousands digit of 90282142?
2
What is the millions digit of 5914974014?
4
What is the thousands digit of 430861926?
1
What is the hundred millions digit of 542081345?
5
What is the hundreds digit of 2036854?
8
What is the ten millions digit of 422965712?
2
What is the hundred thousands digit of 270363022?
3
What is the millions digit of 13283805?
3
What is the hundreds digit of 44739686?
6
What is the hundred thousands digit of 64832375?
8
What is the millions digit of 2244349945?
4
What is the thousands digit of 181539520?
9
What is the hundreds digit of 478245611?
6
What is the thousands digit of 31851371?
1
What is the tens digit of 2840758904?
0
What is the hundred millions digit of 308074072?
3
What is the ten millions digit of 1093970606?
9
What is the tens digit of 1707626626?
2
What is the tens digit of 206037567?
6
What is the tens digit of 386853922?
2
What is the hundred millions digit of 4465680086?
4
What is the units digit of 454116050?
0
What is the tens digit of 121197311?
1
What is the thousands digit of 193662146?
2
What is the ten millions digit of 66113207?
6
What is the hundreds digit of 3828556864?
8
What is the millions digit of 35062281?
5
What is the units digit of 3720565584?
4
What is the tens digit of 483228483?
8
What is the tens digit of 628364265?
6
What is the millions digit of 565637429?
5
What is the ten thousands digit of 21645712?
4
What is the hundred thousands digit of 54371004?
3
What is the ten thousands digit of 111668877?
6
What is the hundreds digit of 1000967687?
6
What is the thousands digit of 59835568?
5
What is the ten thousands digit of 13368161?
6
What is the thousands digit of 3707227523?
7
What is the ten thousands digit of 204009899?
0
What is the hundred millions digit of 186387999?
1
What is the millions digit of 16729977?
6
What is the hundred millions digit of 3386196176?
3
What is the thousands digit of 367875221?
5
What is the units digit of 227169264?
4
What is the units digit of 79700925?
5
What is the units digit of 9029521345?
5
What is the hundreds digit of 10093497?
4
What is the ten thousands digit of 816751854?
5
What is the thousands digit of 53304556?
4
What is the billions digit of 6696510388?
6
What is the hundred millions digit of 440213581?
4
What is the millions digit of 483089875?
3
What is the hundred millions digit of 544944774?
5
What is the ten thousands digit of 686856622?
5
What is the millions digit of 1339593332?
9
What is the ten thousands digit of 6865562141?
6
What is the units digit of 288812186?
6
What is the ten thousands digit of 40676669?
7
What is the hundreds digit of 709147752?
7
What is the millions digit of 83410484?
3
What is the hundred millions digit of 313550898?
3
What is the ten millions digit of 68222313?
6
What is the units digit of 6230241743?
3
What is the units digit of 2535293?
3
What is the millions digit of 959258562?
9
What is the millions digit of 4601509763?
1
What is the ten millions digit of 2757497742?
5
What is the tens digit of 9175096?
9
What is the tens digit of 216028494?
9
What is the hundreds digit of 386216532?
5
What is the ten millions digit of 60327209?
6
What is the ten millions digit of 444977430?
4
What is the millions digit of 34034438?
4
What is the units digit of 125200014?
4
What is the thousands digit of 33789026?
9
What is the hundred thousands digit of 1419366152?
3
What is the hundreds digit of 1925508251?
2
What is the thousands digit of 52770352?
0
What is the hundreds digit of 37809089?
0
What is the tens digit of 19713431?
3
What is the ten thousands digit of 288277092?
7
What is the thousands digit of 879586?
9
What is the millions digit of 1529721425?
9
What is the ten thousands digit of 186148485?
4
What is the ten thousands digit of 134456281?
5
What is the hundred millions digit of 641510750?
6
What is the millions digit of 159611209?
9
What is the ten millions digit of 378473492?
7
What is the thousands digit of 157623867?
3
What is the ten thousands digit of 262984178?
8
What is the thousands digit of 12564817?
4
What is the ten millions digit of 2002092422?
0
What is the hundred thousands digit of 2060713785?
7
What is the thousands digit of 18999902?
9
What is the hundreds digit of 71391343?
3
What is the hundred thousands digit of 29721671?
7
What is the hundreds digit of 3181686955?
9
What is the hundred millions digit of 258612850?
2
What is the tens digit of 3400477745?
4
What is the ten thousands digit of 1940938116?
3
What is the millions digit of 965600802?
5
What is the units digit of 36749845?
5
What is the thousands digit of 881247093?
7
What is the units digit of 405549496?
6
What is the ten thousands digit of 183254727?
5
What is the units digit of 63566879?
9
What is the units digit of 253505443?
3
What is the hundreds digit of 3536910254?
2
What is the tens digit of 39609731?
3
What is the thousands digit of 144766222?
6
What is the ten thousands digit of 17096234?
9
What is the units digit of 15822905?
5
What is the ten thousands digit of 195293685?
9
What is the ten millions digit of 160021429?
6
What is the thousands digit of 37608443?
8
What is the hundreds digit of 3728078171?
1
What is the ten thousands digit of 152490920?
9
What is the ten thousands digit of 206742303?
4
What is the ten millions digit of 226949019?
2
What is the units digit of 84314956?
6
What is the units digit of 17980812?
2
What is the millions digit of 3506403?
3
What is the ten thousands digi